{"id":15,"date":"2023-02-10T13:15:45","date_gmt":"2023-02-10T12:15:45","guid":{"rendered":"https:\/\/osteopathie-mso.fr\/wordpress\/?page_id=15"},"modified":"2024-06-13T17:10:13","modified_gmt":"2024-06-13T15:10:13","slug":"accueil","status":"publish","type":"page","link":"https:\/\/osteopathie-mso.fr\/","title":{"rendered":"Accueil"},"content":{"rendered":"<p>&nbsp;<\/p>\n<p>&nbsp;<\/p>\n<p>&nbsp;<\/p>\n<p style=\"text-align: center;\"><span style=\"font-size: 36pt;\"><strong>Ost\u00e9opathe D.O. (Master)<\/strong><\/span><\/p>\n<p>&nbsp;<\/p>\n<p style=\"text-align: center;\"><span style=\"font-size: 24pt;\">Ost\u00e9opathie<\/span><\/p>\n<p style=\"text-align: center;\">&nbsp;<\/p>\n<p>&nbsp;<\/p>\n<p style=\"text-align: center;\"><span style=\"font-size: 18pt;\"><span style=\"color: #33cccc;\"><strong>Psycho-somatique <\/strong><\/span><\/span><\/p>\n<p style=\"text-align: center;\"><span style=\"font-size: 18pt;\"><span style=\"color: #33cccc;\"><strong>la psych\u00e9 (l&rsquo;esprit) dans le soma (le corps)<\/strong><\/span><\/span><\/p>\n<p>&nbsp;<\/p>\n<p style=\"text-align: center;\"><span style=\"font-size: 18pt;\">L&rsquo;Ost\u00e9opathie travaille sur les diff\u00e9rents syst\u00e8mes du corps et leurs interrelations tels que : le syst\u00e8me musculo-squelettique, le syst\u00e8me circulatoire, le syst\u00e8me endocrinien, le syst\u00e8me cardio-vasculaire, le syst\u00e8me nerveux.<\/span><\/p>\n<p>&nbsp;<\/p>\n<p style=\"text-align: center;\"><span style=\"font-size: 18pt;\">Il stimule le <span style=\"color: #000000;\">processus d&rsquo;auto-gu\u00e9rison<\/span>&nbsp;du patient<\/span><\/p>\n<p>&nbsp;<\/p>\n<p>&nbsp;<\/p>\n<p>&nbsp;<\/p>\n<p>&nbsp;<\/p>\n<p>&nbsp;<\/p>\n","protected":false},"excerpt":{"rendered":"<p>&nbsp; &nbsp; &nbsp; Ost\u00e9opathe D.O. (Master) &nbsp; Ost\u00e9opathie &nbsp; &nbsp; Psycho-somatique la psych\u00e9 (l&rsquo;esprit) dans le soma (le corps) &nbsp; L&rsquo;Ost\u00e9opathie travaille sur les diff\u00e9rents syst\u00e8mes du corps et leurs interrelations tels que : le syst\u00e8me musculo-squelettique, le syst\u00e8me circulatoire, &hellip;<\/p>\n<p><a href=\"https:\/\/osteopathie-mso.fr\/\">Continue Reading<span class=\"meta-nav\">&rarr;<\/span><\/a><\/p>\n","protected":false},"author":1,"featured_media":0,"parent":0,"menu_order":0,"comment_status":"closed","ping_status":"closed","template":"","meta":{"ngg_post_thumbnail":0,"footnotes":""},"class_list":["post-15","page","type-page","status-publish","hentry"],"_links":{"self":[{"href":"https:\/\/osteopathie-mso.fr\/index.php\/wp-json\/wp\/v2\/pages\/15","targetHints":{"allow":["GET"]}}],"collection":[{"href":"https:\/\/osteopathie-mso.fr\/index.php\/wp-json\/wp\/v2\/pages"}],"about":[{"href":"https:\/\/osteopathie-mso.fr\/index.php\/wp-json\/wp\/v2\/types\/page"}],"author":[{"embeddable":true,"href":"https:\/\/osteopathie-mso.fr\/index.php\/wp-json\/wp\/v2\/users\/1"}],"replies":[{"embeddable":true,"href":"https:\/\/osteopathie-mso.fr\/index.php\/wp-json\/wp\/v2\/comments?post=15"}],"version-history":[{"count":21,"href":"https:\/\/osteopathie-mso.fr\/index.php\/wp-json\/wp\/v2\/pages\/15\/revisions"}],"predecessor-version":[{"id":294,"href":"https:\/\/osteopathie-mso.fr\/index.php\/wp-json\/wp\/v2\/pages\/15\/revisions\/294"}],"wp:attachment":[{"href":"https:\/\/osteopathie-mso.fr\/index.php\/wp-json\/wp\/v2\/media?parent=15"}],"curies":[{"name":"wp","href":"https:\/\/api.w.org\/{rel}","templated":true}]}}